- 4*f(y). Calculate g(0).
4
Let u(s) be the second derivative of -s**3/2 + s**2 - s. Suppose -6 = -r - 0*w + w, 0 = -2*w - 8. Calculate u(r).
-4
Let x(h) = 3*h - 2 + 3 - 3 - 4. Let n be x(4). Let z(s) = s**3 - 6*s**2 + s**3 - 6 - s**3. What is z(n)?
-6
Let p(r) = -r**2 - r + 2. Suppose 22 = -4*v - 3*x - 1, -4*x - 19 = 3*v. Let q be 1*6 + 8/(-2). Let i = v + q. Calculate p(i).
-4
Let i(d) = d + 4. Let l be i(-8). Let s(x) = -x**3 - 5*x**2 - 4*x + 2. What is s(l)?
2
Let o(r) = -2*r**3 + 2*r**2 + r. Suppose -k + 3*d = -18, -5*d - 8 = k + 6. Suppose -2*t - t = -k. Determine o(t).
-6
Let s(r) = -5*r**2 - 4*r + 9. Let k(j) = -14*j**2 - 11*j + 26. Let w(t) = -6*k(t) + 17*s(t). Suppose 3*u - 2*n - 2 = 0, u - 2*u + 2 = -n. Give w(u).
-3
Let n(j) = -5*j**3 - 8*j**2 - 6*j - 4. Let u(p) = -4*p**3 - 7*p**2 - 5*p - 4. Let t(a) = -3*n(a) + 4*u(a). Calculate t(-4).
4
Let i(s) be the second derivative of s**3/6 + 3*s**2 + 10*s. Suppose 0*o - 24 = 4*o. Determine i(o).
0
Let t(p) be the first derivative of 2*p + 1/2*p**2 + 5. Determine t(-5).
-3
Let x(t) be the third derivative of t**5/60 - 7*t**4/24 + 2*t**3/3 - 2*t**2. What is x(6)?
-2
Let j(s) = -s**3 + 2*s**2 + s - 1. Let m(h) = 3*h**2 - 2*h + 1. Suppose 0*y = -y + 3*p + 16, 0 = -2*y + 2*p + 12. Let n be m(y). Give j(n).
1
Let g(c) be the second derivative of -c**4/12 + c**2 - 14*c. Give g(3).
-7
Let k(f) = -f - 4. Let o be k(-7). Suppose -11 = -z - 5*i + 4, -o*z - 9 = -3*i. Let s(b) = b + 5. Let a(y) = y + 5. Let c(m) = -2*a(m) + 3*s(m). What is c(z)?
5
Let j(a) = a**3 - 3*a**2 - 2*a - 5. Suppose 0 = s + 3*q + 3, -3*s - 5 = -2*s + 4*q. Suppose -s*p = -2*p - 4. Calculate j(p).
3
Let y(w) = 2*w + 4 + 0*w**3 - 5 + 2*w**2 - 3*w - 2*w**3. Determine y(2).
-11
Let v be 6/(-9) - (-118)/6. Suppose 4*m + 4*g - 26 = 2*g, -3*m = g - v. Suppose 2*x = -2 - m. Let c(p) = -2*p - 2. Give c(x).
6
Let u(i) be the first derivative of i**4/24 - i**3/3 - 5*i**2/2 + 4. Let h(k) be the second derivative of u(k). Give h(2).
0
Let z(f) = 4 - 4*f - 4*f + 3*f + 2*f**2. Let u = 5 + 1. Let p be ((-3)/u + 2)*2. Give z(p).
7
Let d(t) be the second derivative of -2/3*t**3 + 1/12*t**4 + 1/2*t**2 + 0 - 2*t. Calculate d(3).
-2
Let a(n) = 8*n - 1. Let l be (4/8)/(5/10). What is a(l)?
7
Let a(m) be the first derivative of -1/2*m**2 - 1 - 6*m - 1/3*m**3. Determine a(0).
-6
Let w(x) = 2*x**2 - 3*x - 2. Let g be w(3). Suppose k = 3*f - 9, -f - k + 0 + g = 0. Suppose 0 = h + 3, 4*l + f*h + h + 19 = 0. Let b(n) = 8*n. Determine b(l).
-8
Suppose r - 2*x + 6 = 0, -r + 3*x = 5*x + 6. Let g = -9 - r. Let z(y) = -y + 1. Give z(g).
4
Let c(k) = -k**2 - k - 1. Let g(o) = 5*o**2 + 12*o + 9. Let j(f) = -6*c(f) - g(f). What is j(5)?
-8
Let y(g) = 5*g**2 + 1. Let h(q) be the second derivative of q**5/20 - q**4/6 + q**3/6 - q**2 + 2*q. Let i be h(2). Suppose 4*k + 4 = -i*k. What is y(k)?
6
Let z(m) = -2*m + 0 + 3*m - 1 + 2*m**2. Let i be -1 + -1 + 4/(-12)*3. What is z(i)?
14
Let j(c) = c + 0*c + 5*c - 4 + c**2. Let a be j(-6). Let b(y) = -2*y + 4*y - 24 + 5*y**2 + 19 + y**3. Give b(a).
3
Let o(a) = 0*a + 4*a + 2*a - 2*a + 2. Let l be o(-1). Let x(n) = -8*n - 3. Determine x(l).
13
Let d be 2/(-5) + 44/10. Let t(b) be the third derivative of 0*b - 3*b**2 + 0*b**3 + 1/24*b**4 + 0. Determine t(d).
4
Let y be (0 + 2 - 1)/1. Suppose 5*h - 7 = -l, 0*h - 11 = 2*h + 5*l. Let x(c) = -2*c**2 - c**h + 4*c**2 - c - 2*c**2. Calculate x(y).
-2
Let q = -19 - -20. Let z(j) = -q + 37*j - 2 - 33*j + 1. What is z(2)?
6
Let x(p) be the third derivative of p**6/120 + p**3/6 - 5*p**2. Let b be (-18)/8 - 1/(-4). What is x(b)?
-7
Let l be 60/36 - 2/(-6). Let q = 1 - l. Let d(z) = 13*z**3 + z**2 - 1. Calculate d(q).
-13
Let q(b) = -4*b - 2. Suppose 2*p + u - 15 = 0, -9 - 6 = p - 4*u. Let h(d) = -7*d - 4. Let c(l) = p*q(l) - 3*h(l). Calculate c(-4).
-2
Suppose o = -3*o + 40. Suppose -5*h - o = -3*p, 5*p + 2*h = -h - 6. Let z(c) = c - c - c + p. Give z(1).
-1
Let n(x) = -x + 7. Suppose -3*p = p - 36. Let d be n(p). Let c be (-95)/35 - d/(-7). Let g(m) = -m**2 + 4. Determine g(c).
-5
Let a = -37 + 37. Let f(c) = -c**3 - c**2 - c + 8. Calculate f(a).
8
Let v(f) = -4*f**2 + f + 2. Let o(z) = 5*z**2 - z - 3. Let a(k) = -5*o(k) - 6*v(k). Calculate a(-4).
-9
Suppose 0 = -o - 2*o. Let v = o + -2. Let s(l) = 0*l + l - 2*l. Give s(v).
2
Let o = 36 - 13. Let l be ((o + -2)/3)/1. Let k(p) = 4 - 3*p - 2*p + l*p. Give k(-3).
-2
Let i(b) = -b**2 - 3*b - 5. Let f(y) = -y**2 - 4*y - 4. Let a(j) = 2*f(j) - 3*i(j). Suppose 3*q = 2*q. Calculate a(q).
7
Suppose 2*c = -4*n + n + 9, -40 = 5*c - 5*n. Let o(r) be the third derivative of -r**4/12 + r**3/3 + 6*r**2. Determine o(c).
8
Let s(n) = -n**2 - 4*n - 1. Let p(b) = 4*b**2 + 13*b + 3. Let u(g) = 2*g**2 + 3*g - 2*g - 6*g + 4. Let v be u(3). Let q(j) = v*s(j) + 2*p(j). What is q(4)?
7
Suppose 4 = -2*i + 8. Let n(c) = -6*c + 44*c**2 + c**3 + i*c + 5 - 39*c**2. Determine n(-6).
-7
Let o(f) = -6*f**3 + f**2 - 1. Let i be (-2)/4*(-6)/(-3). Let h be (0 - i)/(-1 + 2). Calculate o(h).
-6
Let f(s) = -s**2 + 7*s - 7. Suppose 4*i - 16 - 4 = 0. Calculate f(i).
3
Let t = -9 - -8. Let q = t - -9. Let j(a) = 4 - 4*a - q - 2*a**2 + 1. Determine j(-2).
-3
Let g(w) be the first derivative of w**4/4 + 2*w**3/3 - 3*w**2/2 + 2*w - 5. Calculate g(-3).
2
Let g(b) be the first derivative of -4*b**3/3 + 3*b + 2. Let n(i) be the first derivative of g(i). What is n(1)?
-8
Let u(o) be the third derivative of -7/60*o**5 - 5*o**2 + 0*o**4 + 0*o**3 + 0*o + 0. Give u(-1).
-7
Let d(b) = -b**2 - 3*b + 2. Let r(c) = -3*c**2 - 5*c + 4. Suppose 15*p - 13*p = 4. Let l(z) = p*r(z) - 5*d(z). Calculate l(5).
-2
Let g(o) be the third derivative of -o**5/20 - o**4/12 + 11*o**2. Give g(-2).
-8
Let k be 0 + 1 - (-3)/(-1). Let y = -9 - -3. Let g(z) = -8*z**2 - 10*z - 8. Let u(i) = 7*i**2 + 9*i + 7. Let v(w) = y*g(w) - 7*u(w). What is v(k)?
1
Let g be (-4)/18 - (-2)/9. Let z(q) = 7*q + 4. Let j(r) = 3*r + 2. Let v = -3 - -5. Let o(w) = v*z(w) - 5*j(w). Give o(g).
-2
Let m(l) = -2*l + 6. Let y(r) = r. Let p(u) = m(u) - 2*y(u). Determine p(4).
-10
Let w(k) be the first derivative of k**2/2 - 13*k + 13. Determine w(7).
-6
Let h(f) = -f**3 - 2*f**2 - 2*f + 2. Let g be -2*(-3*2/(-12) + 1). Calculate h(g).
17
Suppose -4*w - 32 = -8. Let z(i) = i**3 + 5*i**2 - 7*i - 1. Let p be z(w). Let k(j) = -p*j + 2*j - 1 + j - j**2. Calculate k(-1).
0
Let b(r) = -r**2 + 8*r + 14. Let o be b(10). Let f(k) = k**3 - k**2 + k + 8 - 1 + 7*k**2. What is f(o)?
1
Let r = 2 - 5. Let a(y) = -y**2 - 4*y + 2. Let s be a(-4). Let x(t) = s + t**3 + 5*t**2 + 0*t**2 - 3*t**2 - 2*t. What is x(r)?
-1
Suppose 2*t + 12 = 4*t. Let i(n) be the second derivative of n**3/6 - 3*n**2 + 16*n + 2. Give i(t).
0
Suppose -5*b + 7 + 3 = 0. Suppose h + 0 = -2*c - 2, 0 = -5*h - 4*c + 2. Suppose -h = b*x, 0*l - l + 6 = -4*x. Let z(m) = -2*m + 1. What is z(l)?
-3
Let p(m) = -m**2 - 10*m - 3. Suppose o + 1 = -8. Determine p(o).
6
Let v(j) be the second derivative of 1/3*j**3 - 3*j + 0 - 7/2*j**2. Give v(5).
3
Let s(t) = -3. Let u(n) = 11. Let k(a) = -9*s(a) - 2*u(a). Let v(y) = y + 14. Let g(w) = 7*k(w) - 2*v(w). Let m = 7 - 1. What is g(m)?
-5
Suppose -5*m - 25 = 0, 2*j + m = -2*m - 15. Let b(c) be the third derivative of 2*c**2 + 1/12*c**5 + 1/120*c**6 + j + c**3 + 0*c**4 + 0*c. Give b(-5).
6
Let h(d) be the second derivative of d**4/12 + 2*d**3/3 - 5*d**2/2 + 5*d. Let q be 1 + 1 + (7 - 15). Let b = 1 + q. Calculate h(b).
0
Let n(z) be the third derivative of z**6/120 - z**5/60 + z**4/12 - 2*z**2. What is n(2)?
8
Suppose -10 = -5*i - 3*u - 0*u, -4 = -2*i - 3*u. Let p(g) = g - 2. What is p(i)?
0
Let d(r) = -r**3 - r**2 + 11. Let z(p) = p**2 + 8*p + 7. Let u be z(-7). Calculate d(u).
11
Let u(d) be the first derivative of d**2 + d + 1. Suppose -k + 33 = 39. Determine u(k).
-11
Let j(r) = 5*r**2 - r - 1. Let a be 8/(-10) - (-1)/(-5). Let l be j(a). Let i(p) = p + 3 - 5 - 4 + 1. What is i(l)?
0
Let d(g) = 6*g - 3. Let o(m) = 2*m**3 + 9*m**2 - 6*m - 1. Let q be o(-5). What is d(q)?
21
Suppose -7*d + 93 - 100 = 0. Let i(p) = -3*p + 4*p - p**3 + 2*p**3. Let f(g) = 4*g**3 + 2*g**2 + 3*g. Let r(l) = -f(l) + 3*i(l). Calculate r(d).
-1
Suppose -17 = -5*r - 3*n + 18, n = 3*r - 35. Suppose 5*p + r = 0, 4*q + 5*p + 2 = 2*q. Let l(h) = -3*h**2 + 0*h + h + q*h**2. Give